ommon divisor of j and 153?
17
Let s be 298/(-149) - (-172 - 1). Calculate the highest common divisor of 1 and s.
1
Let n = 3 - -162. Let o(c) = 17*c**2 - 2*c + 2. Let q be o(2). What is the highest common factor of n and q?
33
Suppose 6843 - 1263 = 20*o. Calculate the greatest common factor of 93 and o.
93
Suppose 141*w - 4830 = 136*w. Calculate the highest common factor of w and 14.
14
Suppose -363*i - 2556 = -369*i. Calculate the greatest common divisor of 12 and i.
6
Let v be (218/(-3))/((-2)/3). Let u = 154 - v. What is the greatest common divisor of u and 30?
15
Let b(w) = 6*w**2 - 8*w + 10. Let j be b(-7). Suppose -9*g - j = -13*g. What is the greatest common factor of g and 10?
10
Let o = -81 + 106. What is the highest common divisor of o and 425?
25
Let b be 48/(-22) - -2 - (-18664)/44. Calculate the highest common divisor of 53 and b.
53
Suppose -37*g + 31*g = -1470. Calculate the greatest common divisor of g and 5.
5
Let m = -1569 + 1987. What is the greatest common factor of m and 38?
38
Suppose 9*q - 3*s = 4*q + 219, -2*s = 3*q - 139. What is the greatest common factor of 225 and q?
45
Let j be 16/4 + -1*1. Let d be (97 - 2)/(-2 + j). What is the greatest common factor of 19 and d?
19
Suppose 20 = 10*y - 6*y. What is the highest common divisor of 35 and y?
5
Suppose 0 = -3*v - 5*r + 371, -v = -4*v + 5*r + 421. Suppose -2*u + 693 = -a + v, 3*u = 4*a + 844. Calculate the greatest common factor of u and 35.
35
Suppose 20 - 137 = -9*y. Suppose 0*u - s = -2*u + 187, 2*u - 167 = -3*s. What is the highest common factor of u and y?
13
Suppose 105 - 39 = 6*u. What is the highest common factor of u and 11?
11
Let r(s) = -s**2 + 83*s - 850. Let j be r(70). What is the greatest common divisor of 90 and j?
30
Suppose -3*o - 3 = -51. Let w = -132 + 212. What is the highest common divisor of w and o?
16
Let j be 5*(11 - (14 + -12)). Calculate the greatest common divisor of j and 963.
9
Let i = 1095 + -1087. What is the greatest common factor of i and 212?
4
Let d = 798 - 744. Calculate the highest common divisor of d and 4374.
54
Let j be 32/(-12)*(-6)/4. Suppose 24 = 2*g + j*d, -2*g - 3*d + 14 + 11 = 0. Suppose -28 = -3*t + g. Calculate the greatest common divisor of t and 126.
14
Let w(p) = -10*p - 234. Let u be w(-29). What is the highest common factor of 72 and u?
8
Suppose 0 = 2*o - 6 - 8. Suppose l + o*l = 208. Calculate the greatest common divisor of 2 and l.
2
Suppose -4*i + 2922 = -n, -18*n = -4*i - 21*n + 2930. What is the greatest common divisor of i and 17?
17
Suppose -21 = -2*d + 3*g, d - g + 4*g = 24. Let w be 7 - -5*(-6)/d. What is the greatest common divisor of w and 5?
5
Suppose 8*r = 6*r + 660. Suppose -2*j = 4*j - r. Calculate the highest common factor of 5 and j.
5
Let h = 11 + -9. Let z be -1 + h + (-5 - -6). What is the greatest common divisor of 8 and z?
2
Let g be (-15)/4*(2 - 88/20). What is the greatest common factor of g and 288?
9
Suppose -f + 21*f - 440 = 0. Let v(k) = 87*k + 1. Let b be v(1). What is the greatest common divisor of b and f?
22
Let l = 193 + -191. Calculate the greatest common factor of l and 13.
1
Suppose -2285 = -7*i - 563. Suppose -230 = -4*d + i. What is the highest common factor of d and 34?
17
Let c be 35 - ((-54)/(-6) - 3). Calculate the greatest common factor of c and 4.
1
Let f be (-3)/12 + (-1572)/(-16). Suppose 0*d = -3*d - i + f, 2*i + 178 = 5*d. Suppose -3*c + d = -41. Calculate the greatest common factor of 10 and c.
5
Let z = 2 - -8. Let t(b) = b - 8. Let g be t(z). Suppose 2*d = 3*v - 2*d - 29, g*v + 4*d - 46 = 0. Calculate the greatest common factor of 30 and v.
15
Let d be 2*(105/6 + -2). Suppose 2*o - d - 33 = 0. Let j = o - 2. Calculate the greatest common factor of j and 10.
10
Let j(s) = -2*s**3 + 8*s**2 + 9*s - 5. Let z be j(3). Calculate the greatest common factor of 1720 and z.
40
Suppose 10*k = 8*k + 3*m + 110, 5*m = k - 55. Suppose 2*r - 8 = 6. Suppose -2*n + 3 = -r. What is the greatest common factor of n and k?
5
Let a(q) = q**2 - 16*q - 71. Let d be a(-10). What is the highest common divisor of d and 21?
21
Let s = 22 - 13. Suppose -s - 1 = -q. Suppose -2*n = u + 2 - 7, -n = 0. What is the greatest common factor of q and u?
5
Suppose 10*g - x = 11*g - 28, -3*g = 5*x - 84. What is the greatest common factor of g and 14?
14
Let y(c) = c + 3. Let o be y(6). Suppose x = -1 + o. Let q(u) = 11*u**2 + 227*u + 670. Let g be q(-3). Calculate the greatest common factor of g and x.
8
Suppose 3*q + 5 = 14, -2*f = 2*q - 766. What is the highest common factor of 38 and f?
38
Suppose 0 = 5*y, o + 55 = 4*y - 154. Let z be o/(0 - 3 - -2). Suppose 5*w = z + 316. Calculate the greatest common divisor of 15 and w.
15
Let d(j) = -6*j - 32. Let p be d(-7). Calculate the greatest common divisor of p and 95.
5
Suppose 0 = -2*l + 7*l - 50. Let q be (-3)/(-5) + 34/l. Suppose -q*c = 14 - 94. What is the greatest common divisor of c and 100?
20
Suppose -3864 = -j - 7*j. What is the highest common factor of j and 23?
23
Suppose -46 = -3*l - n, l - n + 1 = 15. What is the highest common divisor of l and 555?
15
Suppose -4*d + d = -120. Let f = 962 + -643. Suppose 4*s - f + 79 = 0. Calculate the greatest common factor of s and d.
20
Suppose -5*a - 3*v = -7*a + 286, 4*a + v - 558 = 0. What is the highest common divisor of 180 and a?
20
Let w be (-48)/8 + 84 + -1. What is the highest common factor of 1001 and w?
77
Let p(q) = 4 + 0*q**2 - q**2 + 0*q - 9*q - 10. Let v be p(-5). Calculate the greatest common divisor of 14 and v.
14
Let n = -43 + 73. Suppose -37*h + 38*h = 75. Calculate the greatest common factor of n and h.
15
Suppose -3 = 5*t - 4*t. Let o(k) = -k**3 - 4*k**2 - 4*k - 2. Let y be o(t). Suppose -y = -p + 1, 0 = -l + 3*p. What is the highest common factor of 18 and l?
6
Let n = -2 - -19. Let f be n*((-2)/(-8))/(1/4). Suppose -a - 79 = -215. What is the highest common factor of f and a?
17
Let h be (-10)/5 + 2*(9 + -6). What is the highest common factor of h and 158?
2
Let s(m) = m**2 + 3*m + 9. Suppose 5*b - 35 = -5. Let y be s(b). Calculate the greatest common divisor of 14 and y.
7
Let u = -1425 - -2280. What is the greatest common divisor of 90 and u?
45
Let o = -41 - -61. Suppose -35 = -5*r + 5*q, -35 = -0*r - 2*r - 5*q. Calculate the greatest common divisor of o and r.
10
Let d be (-13)/((-65)/150)*3/2. Let y be (1 - d*-2) + (20 - 16). Suppose 3*z + 76 = 7*z. Calculate the highest common factor of z and y.
19
Let c be (-80)/(4 - (0 + 5)). Let i = -37 + c. What is the greatest common divisor of 387 and i?
43
Let o(x) = 4*x + 56. Let c be o(19). What is the greatest common factor of 462 and c?
66
Let o(t) = -t**3 - 8*t**2 + 7*t - 3. Let i be o(-8). Let r = i - -156. Suppose -5*p - 12 + r = 0. Calculate the greatest common factor of p and 187.
17
Let a(i) be the second derivative of -4*i**3/3 - 25*i**2/2 - 25*i. Let r be a(-4). Calculate the highest common factor of 7 and r.
7
Let g be 132/(-8) - 2/(-4). Let c be ((-8)/g)/(2/756). Let v be 18/(-30) - c/(-15). Calculate the highest common factor of 12 and v.
12
Suppose 5*u - 586 = 3*r, -4*u - 4*r + 491 = r. Suppose 4*y - 3*y = p + u, 3*p = 3. Let k = -17 - -47. What is the highest common divisor of y and k?
30
Suppose 20*z = 3*z + 1632. Calculate the highest common factor of z and 336.
48
Suppose 15 + 36 = w. Let s be -2 - (-6)/(18/w). What is the highest common factor of s and 6?
3
Let i = 16 + -11. Let s(t) = 3*t**3 - 8*t**2 - 8. Let p be s(6). Let k be p/33 - (-4)/(-6). What is the greatest common divisor of i and k?
5
Let q(y) = 6*y - 25. Let l be -6*1*(2 - 3 - 0). Let t be q(l). What is the greatest common factor of 77 and t?
11
Let n = 2784 + -2765. Let j(v) = 6*v**2 + 2. Let u be j(-5). Calculate the greatest common factor of u and n.
19
Let x(z) = -z**3 + 7*z**2 + 7*z - 14. Let u be x(7). Suppose -4*v = -v - 4*c - 715, 0 = -2*v + c + 485. What is the greatest common divisor of v and u?
35
Suppose -z - 312 = -d + 3*z, -d + 340 = 3*z. What is the greatest common divisor of d and 32?
8
Let g be (-1 + 6/12)*-190. Calculate the greatest common factor of 57 and g.
19
Let n = -3 + 36. Let q = -24 + n. Calculate the highest common divisor of 27 and q.
9
Suppose -2*g = g. Suppose -2*h + g*h = -52. Suppose -3*j + 142 = 2*c, -10 - 6 = -4*j